at is the highest common divisor of 25 and l?
25
Suppose 0*z - g - 223 = -4*z, -z - 3*g + 46 = 0. Calculate the greatest common divisor of 11 and z.
11
Let l = 7 + -3. Let x be (-2*l)/(22/(-77)). Let s = 14 - 7. What is the highest common divisor of s and x?
7
Suppose 3*a = -a + 4*s + 76, 4*a = s + 79. What is the greatest common factor of 10 and a?
10
Let v(b) = b**2 - b + 7. Let g be v(-4). Suppose -c = 2*c - g. What is the greatest common divisor of 45 and c?
9
Let q = 21 - 8. Let b(o) = o**3 - 13*o**2 + 3*o - 9. Let y be b(q). Calculate the greatest common divisor of y and 10.
10
Suppose 0 = -2*d - 4*m + 26 + 24, 3*d - 2*m = 35. Let o be 4/6 - (-892)/12. Calculate the greatest common divisor of d and o.
15
Suppose -9 - 25 = -2*l. Let a(m) = 6*m - 1. Let h(g) = 19*g - 4. Let z(n) = 14*a(n) - 4*h(n). Let f be z(4). What is the greatest common factor of f and l?
17
Suppose 0 = i - 1 - 0. Let r = -7 - -12. Suppose 8 + 7 = r*k. What is the highest common factor of k and i?
1
Let b(h) = h**3 + 7*h**2 + 4*h. Let s be 26/(-6) - (-10)/(-15). Let y be b(s). Let c be (-1)/(-4) + y/8. What is the highest common divisor of c and 16?
4
Suppose 8 = 4*v, 5*h - h - 5*v = 290. Calculate the highest common divisor of 15 and h.
15
Let k be 4/(1 + 1) + 1. Let q be (-15)/5*4/(-3). Suppose d = q*d - 3. Calculate the highest common divisor of d and k.
1
Let a be (-152)/(-10) + (-3)/15. Suppose h + 4*n = 85, -h + 405 = 3*h + 3*n. What is the highest common factor of a and h?
15
Let l be 140 - (6/(-3) + -2). Calculate the highest common divisor of 16 and l.
16
Let k(g) = -g**2 - 15*g - 19. Let p be k(-13). Calculate the greatest common divisor of 7 and p.
7
Suppose 3*l - 10 = 4*m + m, -4 = l + 2*m. Let a(b) = 2*b**2 + l*b - 4*b + 0*b + b. Let k be a(7). What is the greatest common factor of 11 and k?
11
Let b be 33 - (1 - 2)/((-1)/(-2)). Calculate the highest common factor of b and 14.
7
Let u be (6 - 10)*10/(-4). Let h = -9 + u. Suppose 5*k + h - 6 = 0. Calculate the highest common factor of k and 5.
1
Suppose -5*c + 0*c + 275 = 0. Suppose y - 3 = -1. Suppose -5*x + 61 = y*s, 5*x - 67 = -s - 3*s. Calculate the greatest common divisor of c and x.
11
Let n(g) = -g**3 + 6*g**2 + 9*g + 10. Suppose -3*w + 46 = -5*y, -4*y - 3 = 17. Let c be n(w). What is the greatest common divisor of c and 6?
6
Let r = 61 + 40. Let l be -26 - -1 - (2 + -3). Let a = l + r. What is the greatest common divisor of 7 and a?
7
Let t be 1/(-1) + 3 + 2. Let d be (t - 103)*(-2)/6. Calculate the greatest common divisor of 22 and d.
11
Let r = 55 + 110. Calculate the highest common divisor of r and 66.
33
Suppose 5*f = 2*y + 52 + 23, -5*y + 60 = 4*f. Let b = -7 + 127. Calculate the greatest common factor of b and f.
15
Let h(j) = -8*j + 5. Let n(x) = -7*x + 4. Let a(g) = -5*h(g) + 6*n(g). Let q be a(-5). What is the greatest common divisor of 1 and q?
1
Let u = 30 + -18. Let c = -3 - -9. What is the highest common factor of c and u?
6
Let x be (1560/(-5))/((-4)/6). Suppose -x = -3*f - f. What is the greatest common factor of 13 and f?
13
Let k(d) = d + 11. Let q be k(-6). Suppose q*o + 10 = 5*w, 5*w - 19 = -3*o + 5*o. What is the greatest common divisor of 3 and o?
3
Let y be ((-44)/(-2))/(1 + 1). Let v be 3/1 - -15*2. What is the greatest common factor of v and y?
11
Suppose -30 = -21*i + 20*i. What is the highest common factor of i and 15?
15
Suppose -5 = -k + 5. What is the highest common factor of 25 and k?
5
Let g(r) = 3*r. Let l be g(-2). Let j be 50/3*l/(-5). Suppose 2*v + 10 = 26. Calculate the highest common divisor of j and v.
4
Suppose 3*f - 15 = -3. Suppose -4*b - f = -2*y, 5*y - 1 = b - 9. Let h be (2 + -3 + -1)/y. Calculate the highest common divisor of 7 and h.
1
Let l = 101 - 57. Let w be 0/(2/(2 - 1)). Suppose w - 8 = -2*a. Calculate the highest common factor of a and l.
4
Suppose -4*u = -60 - 60. Let s = 178 - 172. What is the greatest common divisor of u and s?
6
Let q(a) = 9*a**3 - 2*a + 1. Let c be q(1). Suppose 4*g = 6*g + 162. Let z be 2*(1 - g/3). What is the greatest common divisor of c and z?
8
Let c = 122 + -68. Calculate the greatest common factor of c and 9.
9
Suppose -5*x - 10 = -5, 0 = 2*z - 4*x - 10. Suppose 0*m + 294 = z*m. Calculate the highest common divisor of 14 and m.
14
Let o(x) = x + 2. Let r be o(3). Suppose -r*v + 2 + 453 = 0. What is the greatest common divisor of v and 13?
13
Let g(a) = a**3 - 2*a**2 - 2*a + 195. Let j be g(0). Calculate the highest common divisor of 130 and j.
65
Let a be (-7)/(-2) - 1/2. Let u = -5 + a. Let h be 1/((u/3)/(-2)). Calculate the highest common factor of 2 and h.
1
Suppose z - 6*z = 0. Suppose -2*a + 157 = 2*a + o, 2*a - 5*o - 51 = z. What is the highest common divisor of 19 and a?
19
Let j(l) = -2*l**2 - 4*l - 8. Let x be j(-5). Let m be (x/(-4))/(1/6). What is the highest common divisor of m and 19?
19
Let j = -2 - -3. What is the highest common divisor of 2 and j?
1
Suppose -11*v + 23*v - 48 = 0. Suppose 0 = 2*u + u + 27. Let s = 25 + u. Calculate the highest common factor of v and s.
4
Let b(w) = -w**3 - 6*w**2 + 4*w - 7. Let k be b(-7). Let y = 408 + -111. Let x = 451 - y. What is the greatest common factor of x and k?
14
Suppose -2*d + 86 = 2*y, -219 = -5*d - 2*y + 11. Suppose -l - 2*l + d = 0. Calculate the highest common divisor of 16 and l.
16
Let d = 63 - 45. Calculate the greatest common factor of d and 90.
18
Let v be (-146)/(-9) + (-12)/54. Let o be (-13)/(-3) + (-2)/6. Calculate the highest common factor of v and o.
4
Suppose 4*x + 5*l = 29, -4*l - l - 13 = -3*x. Let w = x + 6. Calculate the highest common factor of 3 and w.
3
Suppose 2*f - 7 = 3. Suppose -16 = -2*i - f*r + 6, 0 = -2*r + 8. What is the highest common divisor of i and 2?
1
Suppose -2*v = -7*v + 5. Let o = 4 + v. Calculate the highest common factor of 30 and o.
5
Let a(w) = -8*w - 4. Let u be a(-3). Suppose -4*r - 6*c + 3*c = 0, r = 2*c + 11. Let z be (17 + -5)*2/r. What is the greatest common factor of z and u?
4
Let b(i) = i - 3. Let s be b(7). Suppose -s*g = -7*g, -q = -3*g - 12. What is the highest common factor of q and 24?
12
Suppose 13*s + 42 = 16*s. What is the greatest common divisor of 7 and s?
7
Let r = -61 - -75. Calculate the greatest common factor of 21 and r.
7
Suppose 0*v - 372 = 5*v + 3*o, 5*v + 5*o + 380 = 0. Let n = -101 - v. Let b = n - -44. What is the greatest common divisor of b and 45?
15
Let c be -2*2/(-8)*2. Let b be (-334)/(-6) + c/3. What is the highest common divisor of b and 8?
8
Suppose 0 = -5*c + 257 - 57. Let o be (0 - (-4)/10)*c. What is the highest common divisor of 64 and o?
16
Suppose -r + 45 = 5*g, -4*g - 80 = -2*r - 3*r. Suppose 2*m - 3*m + 20 = 0. Calculate the highest common factor of m and r.
20
Suppose 5*c + 7 - 277 = 0. Let s = 8 - 2. Calculate the greatest common divisor of s and c.
6
Let a be -1 - ((-28)/3 + (-1)/(-3)). What is the greatest common divisor of a and 24?
8
Suppose 1 = u - 0*u. Calculate the highest common divisor of 1 and u.
1
Suppose 0 = -3*z - 0*z + 6. Suppose p + p = 6, z*x - 22 = 2*p. Let c be (-590)/(-6) - (-1)/(-3). What is the highest common factor of c and x?
14
Suppose 14 = 4*x - 10. Let v(w) = -w**2 - w + 54. Let n be 0/(4*4/16). Let q be v(n). Calculate the highest common divisor of x and q.
6
Let u be (-2)/(-7) - 24/(-14). Suppose 132 = u*t + t. What is the highest common divisor of t and 4?
4
Let q(x) = -x**3 - 3*x**2 + x - 1. Let n(r) = -2*r**2 - 4*r + 1. Let g be n(-3). Let k be q(g). What is the highest common factor of 11 and k?
11
Let k = 10 - 15. Let g be 2/(-4)*(k + 3). Calculate the greatest common divisor of g and 5.
1
Let r be (288/45)/((-2)/(-25)). What is the greatest common divisor of 16 and r?
16
Let t(m) = 8*m**2 - 7*m + 9. Let z be t(2). What is the greatest common divisor of 45 and z?
9
Let b be ((-64)/24)/((-2)/24). Let c be (-9)/(36/8)*-2. What is the highest common factor of c and b?
4
Suppose m + 5*m - 228 = 0. Let f(g) = 69*g**2 + 2*g + 1. Let b be f(-1). Suppose -27 - b = -z. What is the greatest common factor of m and z?
19
Let g = 12 - -8. Calculate the greatest common factor of g and 160.
20
Let v = -46 + 47. What is the greatest common divisor of 2 and v?
1
Let f = -38 - -42. Suppose 4*z = 3*z + 2*o - 11, -2*z = 3*o - 13. Let i be 0 - (-2 + 